5) - 17
13
What is the value of -18 - (-48 - -1 - 11)?
40
Calculate (-253 + 233 - (0 - 43)) + 15.
38
What is the value of (-44 + -1 - (42 + -77)) + (-25 - -3)?
-32
What is (322 - 339 - (-1 + 34)) + -4?
-54
Evaluate -72 + 78 + -28 + 39 + (30 - 1).
46
Evaluate 9 - -32 - (4 + -1 + (5 - -2 - 13)).
44
Calculate 12 + (-12 - 0 - -1) + (3 - 0) - -126.
130
Evaluate 7 - (50 - (-23 - -50)) - (-2 + -7).
-7
What is -3 + -6 + 0 + -6 - (217 + -228)?
-4
-24 - (-51 - (-20 - 9 - -27))
25
What is -15 + 6 + 6 - (-30 + 32)?
-5
Evaluate 198 + -102 + (110 - 223).
-17
What is 0 - (5 + 1 + -1 + 2 - -23)?
-30
What is the value of (193 - 175) + 4 + -16 + -10 + 1?
-3
What is the value of 39 + (9 - 4) - (-778 - -969)?
-147
Calculate 30 - (30 - (30 - (6 + -36))).
60
Evaluate 554 - 615 - (11 + -5 + -10).
-57
Evaluate (-3 - (-1 - -13)) + (25 - (1 + 10)).
-1
Evaluate 0 - 0 - (-14 + 7 - (-39 + 13) - 22).
3
What is (1 - 46) + ((-9 - (-7 + 3)) + 7 - -4)?
-39
What is the value of 1 - 98 - (10729 + -10836)?
10
What is (-31 - (-63 - -32)) + -74?
-74
Evaluate (466 + -454 - (-2 + (-1 - -16))) + -35.
-36
710 + -652 + (-13 - 1)
44
Evaluate -15 + 31 + -19 + 5 + -7.
-5
What is 7 - (21 - (7 + 0) - 71) - 7?
57
5 - 1 - 3 - (-12 + (13 - -66))
-66
What is the value of (-195 - -193) + (0 + -4 - (-2 + -2) - 21)?
-23
What is the value of -35 - (-3 + -7 + -2 - (6 - (74 - 55)))?
-36
54 + -115 + (245 - 87)
97
Calculate 12 + 0 + -15 + (51 + -33 - -5).
20
What is 1 - -3 - 12 - (-173 + 116)?
49
Calculate -53 - (-149 + 3) - (17 - -16).
60
Calculate -34 - (32 - (-38 - -116)).
12
What is the value of (-10 - -24 - 20 - 11) + (49 - 5)?
27
What is the value of -119 + (333 - 338) + (25 - -3)?
-96
What is -16 + -1 + (-19 - ((-5 - 2) + (-7 - 2)))?
-20
Calculate 22 - (0 + 16 + 3 + -20).
23
Calculate 21 - (0 + 15) - (-14 + 10 + -35).
45
Calculate 9 + (-9 - -8) + (-7 - (4 - 7)) + 45.
49
Calculate (-104 - -132 - (-2 + 9)) + -60.
-39
What is (1 - ((1 - -8) + 40 + -39)) + -61 + 10?
-60
Evaluate -47 + -71 + 77 - 35.
-76
Evaluate 54 - (46 + -26 + 23) - (19 + (-2 - -5)).
-11
Evaluate 14 + (-138 - (5 + -39 - 8)).
-82
What is the value of 2 - 1 - (-216 - -223 - (1 + 26))?
21
Evaluate (69 - 29 - 30 - 24) + (-4 - (-36 - -2)).
16
(199 - 133) + (-52 - 1)
13
22 + (19 - (-7 - -24)) + 17
41
What is the value of 1 + -15 + 4 + (-7 + -8 + 16 - 44)?
-53
Calculate 2 - (23 + -59 - -1).
37
Evaluate ((-70 - 6) + 7 - (-1 - 0)) + 6.
-62
What is the value of 782 + -747 + (-2 - 14)?
19
Evaluate 4 + 89 + -2 + -34 + (15 - (0 - 33)).
105
(6 - (21 + -6)) + (19 - 132 - -38)
-84
What is 54 - (-37 + 70 - -28) - (50 + 2)?
-59
Calculate (-35 + 34 - (0 + -21 - -6)) + 15.
29
Calculate -27 - (-49 - -17 - (89 + -216)).
-122
-3 + -6 + -12 + 11 + 4 + 3 - -105
102
(-19 - (-32 - (-5 + 6))) + -60
-46
Calculate 3 + 10 + -51 + 19 + -10.
-29
7 + (36 + -7 - (-118 - -166))
-12
Calculate 203 + -151 + (-3 - 50) + (2 - 1 - -34).
34
What is the value of 19 + (8 - (39 + -4 + -21))?
13
Calculate 13 - (-37 - (-67 + 46)).
29
-121 - ((54 + -32 - 17) + -9 + -1)
-116
What is -6 - ((-8 - 19) + -19 - 20)?
60
What is the value of 8 - (-338 + 350 - (1 - 6))?
-9
What is 19 - (-6 + 3) - (-73 + 39 + 40)?
16
What is (16 - 3 - 6) + -12 - -18 - 9?
4
What is the value of 4 + -14 + 5 + -3 - -13 - 7?
-2
(-18 - (12 + -24 - -14)) + (-2 - -6)
-16
What is -5 + 27 - (-775 + 737)?
60
What is 0 - -4 - (22 - (34 - 17)) - (-58 - 0)?
57
-14 + 39 + -6 + (-68 + -8 - 8)
-65
Calculate -2 - (-26 - -12) - (-43 - (-11 + 9)).
53
What is (4 - -8) + (-7 - (10 - 30 - -6))?
19
Evaluate -78 + -2 + ((-4 - -23) + -19 - (-3 - 0)).
-77
Calculate (-33 - -6) + (-155 - -154 - (2 + (6 - -2))).
-38
What is -16 + -24 + 14 + 75?
49
Calculate 3 + -4 + -29 + -1 + (-293 - -303).
-21
Evaluate -1 + 31 - (8 + 30 + 61).
-69
-9 + 28 - 13 - (-88 + -5 + 22)
77
What is (24 - (-2 - -5)) + (30 - (27 - (22 - 14)))?
32
(-8 + -3 - -135) + (155 - 163)
116
7 + -1 + -17 + 14 + (50 - -12)
65
Evaluate (-6 + 2 - 2) + -30 + 16 + -30.
-50
Calculate (55 + 7 - -1 - (-8 - -22)) + -2.
47
Calculate (35 - 60 - 18) + 4.
-39
Evaluate 38 - (2 + 80) - -66.
22
What is -95 + 33 - -86 - (-3 + -47)?
74
(-3 - 0) + -1 + -1 + (501 - (197 - -389))
-90
0 + -1 - (0 - (-6 + (15 - (-4 - 17))))
29
What is -12 + (-36 - (234 - 226 - (1 - -13 - 3)))?
-45
What is the value of (-24 - 0) + -16 - -8?
-32
What is the value of (-12 - 0 - (-217 + 216) - -13) + -28?
-26
(-72 - -14) + -272 + 274
-56
-12 + (5 - 3) + (-3 - -7) + 1 - -17
12
What is the value of 54 + 13 + -13 + 1 + -21?
34
What is the value of 12 - 7 - (-3 - -1 - 1) - (-38 - 2)?
48
Calculate 15 + -74 - (11 - (17 - -1) - -3).
-55
What is the value of -9 + (-44 + 35 - (75 + -6 - 2))?
-85
What is the value of 38 + (44 + -92 + 21 - -54)?
65
What is 103 - (43 + (6 - 20) - 8)?
82
What is the value of (14 - (19 + -4 + 18)) + -3 + -17?
-39
What is (10 - 50) + (6 + -5 - ((5 - -12) + -21))?
-35
Evaluate -3 + 10 + 2 - (-8 - (-17 - -70)).
70
Calculate -12 + (89 + 35 - 69).
43
-3 - -32 - 15 - (-7 - -36)
-15
Evaluate -3 - (10 + -19 - (-10 + 1)) - (48 - 2).
-49
Evaluate -53 - (25 - (22 + 3 + -15)).
-68
What is the value of 69 + -1 + 69 + -77 - ((2 - -1) + -3)?
60
(142 - (-32 - -29)) + -30
115
What is 0 + (5 - ((-19 - -3) + -3)) - (-71 - -69)?
26
4 + (-1 - 0) + ((15 - 5) + -33 - -43)
23
(-42 - (-4 - 37)) + (17 + 9 - -1)
26
-45 + -1 + 0 - 1 - (-198 + 300 + -102)
-47
What is the value of (-1 + 2 + -4 - -8) + 33 + -8?
30
What is the value of (2 - 1) + (-6 - 50) - (-41 - (-69 - -40))?
-43
-1224 - -1347 - (103 - -2)
18
What is the value of (1 - 2 - -5) + (-7722 - -7775)?
57
What is (18 + 25 - 6) + -44?
-7
-9 + -36 + 178 + -79
54
What is (7 - (5 - -3) - 15) + (-266 - -289)?
7
What is the value of 48 + (16 + 77 - 95 - (-2 + 10 - 1))?
39
What is 84 + -103 + 84 - 92?
-27
Calculate (60 - -4) + -18 - 9.
37
What is the value of (3 - -81) + 184 + -228?
40
What is 71 + -25 - 21 - 12 - (-17 - -25)?
5
What is the value of -26 - -15 - -4 - ((-1 - -4) + (-6 - 46))?
42
Evaluate -2988 + 2966 - (-1 + -71).
50
What is 57 + -104 - -95 - 58?
-10
Evaluate (-1 - -80) + -494 + 345.
-70
Calculate 2 + -3 + (-11 - -6) + -99 + 5.
-100
What is the value of -473 + 420 - (-28 + 0)?
-25
Evaluate -1 + 17 + 15 + -50 + 56.
37
(2370 - 2342) + -60 + -2
-34
Evaluate -45 - (-5 - (-10 - 13)).
-63
What is 32 + (-87 - -130) + -19?
56
What is 33 + -2 - (-13 + 13 + -15) - -3?
49
Calculate (-13 + 7 - ((-7 - (-18 - 2)) + -9)) + 2.
-8
What is -26 - (25 + -9) - (1 + -2)?
-41
Calculate -23 - ((2 - (-8 + 5)) + (-325 - -352)).
-55
-4 + 1 - (2 - (-3 + 3)) - (-2 + -9)
6
Calculate (1942 - 1921) + -3 + -2.
16
-28 - (-69 + -72 + 78)
35
What is -31 - (-1 + -20 - (-94 + 75))?
-29
Calculate (-9 - (-24 - -7)) + 0 + -14.
-6
Evaluate 4 + (49 + 1 - (-75 + 31 + 55)).
43
What is the value of 7 + (22 - 11 - 6) + 4 + (105 - 10)?
111
Evaluate 2 + 17 + (-14 - (6 - (-5 - -17))) + 11.
22
What is 4 + (-116 - -94) + 24?
6
Calculate 20 + (-142 - -76) + (-4 - (-17 - -6)).
-39
Calculate -12 - (-19 + 37 + -20) - 28.
-38
Evaluate -113 + -41 + (12 - -74).
-68
Calculate 19 - 76 - (-1 - 4) - (-1 + 3 + 4).
-58
What is the value of -54 + (-12 - (-23 - 48))?
5
3744 + -3783 - (1 - 20)
-20
1 - ((-16 - -6 - -4) + 18 + 5 + 97)
-113
Calculate 41 + -30 - (112 - 52 - (-1 - -4)).
-46
Calculate -23 + 19 + (10 - 16 - -8) + 4 + -15.
-13
Calculate 1 - -3 - (29 + -35 + 13 + -11).
8
Evaluate (-15 - -6) + -23 + (-24 - -54).
-2
What is (434 - 315) + -83 - (-11 + 0)?
47
12 + -12 + -6 + 9 + 27 - -8
38
Evaluate -7 + (23 - (-21 - -48)) - (79 + 2).
-92
What is 3 + -9 + (-26 - -59 - 17) + -121?
-111
Evaluate (-21 - (24 + -38)) + 20 + 1 + (0 - -2).
16
Evaluate -35 + (0 - 2 - (-45 - -31 - -22 - 8)).
-37
Calculate (2 - (3 + (-31 - (13 - 14)))) + -5.
24
What is -28 + (22 - -4 - (3 - (-17 + 7)))?
-15
Evaluate -1 - (6 - 12) - (-147 - -249).
-97
Calculate -13 - 1 - (-150 - (-8 - 27) - (-7 - -33)).
127
Calculate -44 + (32 - 75 - (-49 - -46)).
-84
What is the value of (-1649 - -1637) + -3 + 6 + -18?
-27
Evaluate -50 - (-12 + 53 - 63).
-28
Evaluate 0 + -2 + -4 + -59 + 70 + 57.
62
What is the value of 24 + (-41 - (-36 + 1)) + 10?
28
Evaluate 8 - 23 - (-4 + -4) - (43 + 35).
-85
What is the value of (26 - -1) + -12 + 34 + -35?
14
What is 16 + -18 + 7 + -2 + -2?
1
What is (35 + 8 - 53 - (2 + -17)) + -34?
-29
49 + -50 + -13 + -1 + 2 + -10
-23
Cal